ultiple of 27?
False
Is 1794 a multiple of 13?
True
Is 22590 a multiple of 90?
True
Is 31 a factor of 558?
True
Is 77 a factor of 782?
False
Is 2352 a multiple of 12?
True
Is 425 a multiple of 25?
True
Is 15500 a multiple of 8?
False
Is 42680 a multiple of 22?
True
Does 6 divide 367?
False
Is 13 a factor of 4961?
False
Does 88 divide 1408?
True
Is 39 a factor of 1404?
True
Does 113 divide 84976?
True
Is 14 a factor of 9185?
False
Is 11 a factor of 88?
True
Is 20592 a multiple of 99?
True
Is 20 a factor of 13480?
True
Is 8 even?
True
Is 54 a multiple of 54?
True
Is 49 a factor of 18540?
False
Is 185 a factor of 12446?
False
Does 19 divide 1118?
False
Is 234 a factor of 47604?
False
Is 5918 a multiple of 22?
True
Is 1629 a multiple of 11?
False
Is 35 a factor of 2905?
True
Is 1069 a multiple of 4?
False
Is 2639 a multiple of 11?
False
Is 1402 a multiple of 72?
False
Does 34 divide 536?
False
Is 6330 a multiple of 71?
False
Is 13872 a multiple of 48?
True
Is 20 a factor of 756?
False
Is 13 a factor of 2054?
True
Is 184 a multiple of 8?
True
Does 53 divide 954?
True
Is 3097 a multiple of 34?
False
Is 11 a factor of 51843?
True
Is 3 a factor of 244?
False
Is 32 a factor of 13073?
False
Does 15 divide 21555?
True
Is 1731 a multiple of 137?
False
Is 28 a factor of 468?
False
Does 14 divide 588?
True
Does 14 divide 80066?
True
Does 4 divide 1628?
True
Does 26 divide 127845?
False
Does 158 divide 8216?
True
Is 60 a factor of 1500?
True
Does 90 divide 20700?
True
Is 4392 a multiple of 72?
True
Is 184 a factor of 16744?
True
Does 53 divide 1212?
False
Does 2 divide 507?
False
Does 134 divide 2402?
False
Does 43 divide 46870?
True
Does 14 divide 26726?
True
Is 88438 a multiple of 14?
True
Is 1884 a multiple of 12?
True
Is 23 a factor of 439?
False
Does 68 divide 3128?
True
Does 18 divide 93186?
True
Is 120 a multiple of 10?
True
Is 3 a factor of 1589?
False
Is 35 a factor of 307?
False
Is 25 a factor of 17675?
True
Does 13 divide 917?
False
Is 8829 a multiple of 87?
False
Is 2137 a multiple of 6?
False
Does 66 divide 16566?
True
Is 9144 a multiple of 13?
False
Does 10 divide 12300?
True
Is 3 a factor of 121?
False
Is 8 a factor of 3957?
False
Does 29 divide 487?
False
Is 275 a multiple of 3?
False
Does 21 divide 3977?
False
Is 56 a multiple of 17?
False
Is 3676 a multiple of 9?
False
Is 14 a factor of 10738?
True
Is 5548 a multiple of 19?
True
Is 4600 a multiple of 23?
True
Does 3 divide 567?
True
Does 13 divide 1014?
True
Is 20 a factor of 180?
True
Is 126 a multiple of 21?
True
Does 11 divide 1956?
False
Is 3 a factor of 1092?
True
Does 50 divide 68?
False
Is 91 a factor of 8178?
False
Does 10 divide 2872?
False
Is 20325 a multiple of 38?
False
Is 1660 a multiple of 5?
True
Does 51 divide 22287?
True
Does 4 divide 11110?
False
Is 29 a factor of 8603?
False
Is 19 a factor of 11457?
True
Is 31 a factor of 804?
False
Is 1110 a multiple of 31?
False
Is 19 a factor of 69045?
False
Is 6 a factor of 13765?
False
Is 740 even?
True
Does 75 divide 507?
False
Is 66 a factor of 29040?
True
Is 86 a factor of 1376?
True
Is 13 a factor of 6474?
True
Is 28739 a multiple of 105?
False
Is 13 a factor of 5118?
False
Does 112 divide 19936?
True
Is 270 a multiple of 3?
True
Is 456 a multiple of 57?
True
Does 6 divide 297?
False
Is 10290 a multiple of 12?
False
Does 19 divide 2223?
True
Is 14054 a multiple of 42?
False
Does 3 divide 69?
True
Does 31 divide 341?
True
Is 18 a factor of 12039?
False
Is 21 a factor of 71?
False
Is 8 a factor of 1232?
True
Is 35 a factor of 51555?
True
Is 33 a multiple of 3?
True
Does 56 divide 1008?
True
Is 174 a multiple of 9?
False
Is 5 a factor of 394?
False
Does 50 divide 2650?
True
Is 7 a factor of 207?
False
Does 31 divide 2452?
False
Does 7 divide 2044?
True
Is 551 a multiple of 4?
False
Is 218 a multiple of 3?
False
Is 70 a factor of 7840?
True
Is 8 a factor of 3338?
False
Is 4660 a multiple of 20?
True
Does 2 divide 16?
True
Is 125 a multiple of 2?
False
Is 33 a factor of 59048?
False
Does 8 divide 5472?
True
Is 16290 a multiple of 30?
True
Does 145 divide 435?
True
Does 10 divide 1820?
True
Is 29 a factor of 29?
True
Is 220 a multiple of 10?
True
Does 8 divide 80?
True
Is 20 a factor of 3080?
True
Is 3 a factor of 42?
True
Is 6805 a multiple of 70?
False
Does 11 divide 1364?
True
Does 18 divide 13868?
False
Does 6 divide 475?
False
Does 13 divide 663?
True
Does 13 divide 501?
False
Is 227 a multiple of 2?
False
Does 66 divide 983?
False
Does 110 divide 19250?
True
Is 44 a factor of 22670?
False
Is 9859 a multiple of 12?
False
Is 6 even?
True
Is 842 a multiple of 2?
True
Does 5 divide 3670?
True
Does 133 divide 3464?
False
Is 26 a factor of 4654?
True
Does 11 divide 7737?
False
Is 23694 a multiple of 66?
True
Does 26 divide 12974?
True
Does 14 divide 540?
False
Is 20 a factor of 3779?
False
Is 12 a factor of 548?
False
Is 10 a factor of 890?
True
Is 10 a factor of 321?
False
Is 6 a factor of 930?
True
Does 7 divide 2793?
True
Is 77 a multiple of 8?
False
Does 76 divide 380?
True
Is 46031 a multiple of 191?
True
Is 16786 a multiple of 22?
True
Is 151 a multiple of 12?
False
Does 22 divide 42292?
False
Does 8 divide 1664?
True
Does 55 divide 6765?
True
Is 17 a factor of 38913?
True
Does 97 divide 1636?
False
Does 18 divide 16830?
True
Is 15 a factor of 1470?
True
Is 214 a factor of 21828?
True
Is 2781 a multiple of 103?
True
Is 5 a factor of 156?
False
Is 2958 a multiple of 29?
True
Does 32 divide 9024?
True
Does 38 divide 28463?
False
Is 3458 a multiple of 5?
False
Is 55 a factor of 655?
False
Does 3 divide 788?
False
Is 43 a factor of 15093?
True
Is 121 a factor of 2200?
False
Is 320 a multiple of 68?
False
Does 32 divide 1024?
True
Does 72 divide 1944?
True
Does 18 divide 630?
True
Is 24 a factor of 2616?
True
Is 16048 a multiple of 17?
True
Is 78 a factor of 9048?
True
Does 10 divide 300?
True
Is 4240 even?
True
Is 145 a multiple of 18?
False
Is 87 a factor of 14793?
False
Is 31 a factor of 11749?
True
Is 12955 a multiple of 13?
False
Is 8028 a multiple of 23?
False
Does 16 divide 173?
False
Is 370 a multiple of 10?
True
Is 16 a factor of 2896?
True
Is 7506 a multiple of 139?
True
Is 36 a factor of 14364?
True
Is 11 a factor of 36350?
False
Is 1732 a multiple of 73?
False
Is 7 a factor of 392?
True
Does 405 divide 29852?
False
Does 48 divide 12960?
True
Does 284 divide 63048?
True
Does 43 divide 9809?
False
Is 8 a factor of 1447?
False
Is 52475 a multiple of 25?
True
Is 200 a multiple of 12?
False
Does 123 divide 6027?
True
Does 21 divide 5002?
False
Is 576 a multiple of 12?
True
Does 169 divide 26707?
False
Is 430 a multiple of 43?
True
Is 24 a factor of 15840?
True
Does 16 divide 260?
False
Is 15 a factor of 4466?
False
Does 20 divide 8243?
False
Does 28 divide 40?
False
Is 426 a multiple of 12?
False
Is 109 a factor of 5886?
True
Is 16 a factor of 144?
True
Is 1340 a multiple of 10?
True
Is 208 a factor of 42848?
True
Is 18 a factor of 24912?
True
Is 774 a multiple of 9?
True
Does 20 divide 731?
False
Does 156 divide 6552?
True
Is 21342 a multiple of 349?
False
Does 11 divide 96?
False
Does 51 divide 1166?
False
Is 8 a factor of 271?
False
Does 75 divide 18144?
False
Is 19665 a multiple of 171?
True
Does 22 divide 2181?
False
Does 46 divide 46?
True
Does 12 divide 103161?
False
Is 44631 a multiple of 19?
True
Is 132 a factor of 5940?
True
Does 17 divide 816?
True
Is 19 a factor of 7847?
True
Does 15 divide 5175?
True
Does 8 divide 2075?
False
Is 309 a multiple of 12?
False
Is 2837 a multiple of 19?
False
Does 85 divide 5181?
False
Does 12 divide 8549?
False
Is 178 a multiple of 3?
False
Does 28 divide 2240?
True
Is 14 a factor of 1434?
False
Does 27 divide 729?
True
Is 85826 a multiple of 13?
True
Is 4140 a multiple of 92?
True
Is 90 a factor of 6282?
False
Is 47 a factor of 677?
False
Is 25 a factor of 531?
False
Is 380 a multiple of 4?
True
Does 6 divide 11784?
True
Is 2562 a multiple of 7?
True
Does 4 divide 1356?
True
Does 11 divide 40381?
True
Does 71 divide 2130?
True
Does 60 divide 1920?
True
Does 85 divide 64290?
False
Does 23 divide 6007?
False
Does 7 divide 14569?
False
Is 14183 a multiple of 13?
True
Is 17 a factor of 484?
False
Is 96 a factor of 10073?
False
Is 14 a factor of 418?
False
Does 11 divide 902?
True
Is 